260.
60
What is the highest common factor of 40257 and 5015227?
497
What is the highest common divisor of 26828317 and 314?
157
Calculate the greatest common divisor of 490 and 4871390.
10
What is the greatest common divisor of 10676 and 2686612?
68
What is the greatest common factor of 570 and 212230?
190
Calculate the highest common factor of 18480 and 11620.
140
What is the greatest common factor of 206370508 and 30204?
3356
What is the highest common factor of 346 and 34578029?
173
What is the greatest common divisor of 275 and 622176050?
25
Calculate the greatest common divisor of 3322 and 189794.
22
What is the highest common divisor of 6279429 and 4602?
2301
What is the highest common divisor of 9946981 and 11418?
1903
What is the greatest common divisor of 36741 and 79913661?
993
Calculate the highest common divisor of 104114945 and 517.
11
Calculate the greatest common divisor of 3 and 1198713.
3
What is the highest common divisor of 27345 and 28710427?
1823
Calculate the highest common factor of 16164 and 171540.
36
Calculate the highest common divisor of 198 and 20442972.
66
What is the greatest common divisor of 83489742 and 1008?
126
What is the highest common factor of 1164 and 20531602?
194
What is the greatest common divisor of 499734 and 306?
18
What is the greatest common divisor of 88140 and 7005?
15
What is the greatest common factor of 105 and 78036315?
105
What is the highest common divisor of 71085 and 1415607?
2031
Calculate the highest common factor of 2531624208 and 1074.
1074
Calculate the greatest common factor of 2625 and 7169125.
125
Calculate the greatest common factor of 1712 and 137723338.
214
Calculate the highest common divisor of 1171419 and 139281.
51
What is the greatest common divisor of 7938964 and 53801?
737
Calculate the highest common factor of 16 and 62695968.
16
What is the highest common factor of 10160 and 27150060?
2540
Calculate the greatest common factor of 475614 and 27.
9
What is the highest common divisor of 10654 and 3822?
14
What is the greatest common divisor of 6901040 and 720?
80
What is the greatest common divisor of 10 and 355906320?
10
What is the greatest common factor of 797129400 and 329?
47
Calculate the highest common divisor of 2448 and 3565053.
153
Calculate the greatest common divisor of 38513 and 68601788.
2027
What is the highest common divisor of 890534 and 3382?
178
Calculate the highest common factor of 443522 and 111406.
2102
Calculate the highest common divisor of 5776 and 1876288.
304
What is the highest common divisor of 6146 and 381930?
878
Calculate the highest common divisor of 26302773 and 1281.
1281
Calculate the highest common divisor of 3053 and 11314934.
43
What is the highest common factor of 18690 and 7014?
42
What is the highest common factor of 292 and 90636800?
292
What is the highest common divisor of 260 and 40541150?
130
Calculate the greatest common divisor of 4780 and 700.
20
Calculate the highest common divisor of 684352 and 3944.
136
Calculate the greatest common factor of 11858382 and 234.
18
Calculate the highest common factor of 5983215 and 1680.
105
Calculate the highest common divisor of 18524036 and 100244.
5276
Calculate the greatest common divisor of 20304 and 202608.
432
What is the highest common divisor of 615394521 and 110691?
15813
Calculate the greatest common factor of 2997608997 and 5151.
5151
What is the greatest common divisor of 34755912 and 1512?
216
Calculate the greatest common divisor of 50560 and 13232.
16
What is the highest common divisor of 34463 and 841516?
13
What is the highest common factor of 1736 and 3176488?
56
What is the highest common factor of 229444424 and 5368?
5368
What is the greatest common divisor of 53 and 87756393?
53
Calculate the highest common divisor of 1864311 and 615.
123
What is the highest common divisor of 6964727 and 5423?
319
What is the greatest common factor of 1490447 and 4023?
149
Calculate the highest common factor of 6 and 398241618.
6
What is the highest common divisor of 26247384 and 1072?
536
Calculate the greatest common factor of 48186 and 2232.
18
Calculate the highest common divisor of 1334806 and 2176.
34
Calculate the greatest common divisor of 791 and 247244.
113
Calculate the highest common factor of 133 and 2190206.
19
What is the greatest common divisor of 16356736 and 14080?
1408
Calculate the highest common divisor of 5969 and 915797.
127
What is the highest common factor of 34 and 179264?
2
What is the greatest common factor of 2916 and 438714?
18
Calculate the highest common factor of 7 and 83664203.
7
Calculate the highest common divisor of 5252855 and 506.
23
What is the greatest common divisor of 984882 and 96?
6
Calculate the greatest common divisor of 972 and 3220965.
243
Calculate the greatest common divisor of 217 and 17149706.
7
What is the highest common divisor of 4336 and 639872?
16
What is the greatest common factor of 13791896 and 136?
136
What is the highest common divisor of 1105 and 70364190?
1105
Calculate the greatest common factor of 86305253 and 106.
53
Calculate the highest common factor of 14313 and 129551.
367
Calculate the greatest common divisor of 201858 and 28866.
102
Calculate the greatest common factor of 131859 and 8169.
21
What is the highest common divisor of 101624789 and 217?
217
Calculate the highest common factor of 6 and 1315914.
6
Calculate the greatest common divisor of 1122 and 36426444.
102
Calculate the highest common factor of 805062 and 54.
6
What is the highest common factor of 790 and 1675195?
395
Calculate the greatest common divisor of 44 and 1566862.
22
What is the highest common divisor of 28980071 and 62?
31
Calculate the highest common factor of 108 and 6371829.
9
What is the highest common factor of 264261 and 5723?
59
What is the highest common divisor of 930 and 18450435?
15
Calculate the greatest common factor of 39936 and 47268.
156
What is the highest common factor of 561 and 3292917?
51
Calculate the highest common factor of 91200 and 15934350.
2850
What is the greatest common factor of 83 and 1309313131?
83
What is the highest common divisor of 4214 and 2367967?
301
What is the highest common divisor of 57 and 130747227?
57
What is the highest common divisor of 6138705 and 74878?
1291
Calculate the highest common factor of 207621 and 582743.
1003
What is the greatest common factor of 1649067 and 18753?
399
What is the highest common factor of 80358 and 1081824?
354
Calculate the highest common factor of 2664 and 67607880.
888
Calculate the greatest common divisor of 23260545 and 297.
99
Calculate the highest common divisor of 776997 and 465786.
2061
What is the highest common factor of 13980377 and 4?
1
What is the greatest common divisor of 5660478 and 1884?
942
What is the greatest common divisor of 4298258 and 2051366?
3314
What is the greatest common divisor of 8202 and 1444257372?
8202
Calculate the greatest common factor of 1467687 and 30.
3
What is the greatest common factor of 5957915 and 6970?
205
Calculate the greatest common divisor of 291375840 and 182.
14
Calculate the highest common factor of 135939 and 81021.
339
What is the highest common divisor of 32980758 and 138?
138
Calculate the highest common divisor of 36057 and 2942938.
1717
Calculate the greatest common factor of 342 and 32871.
3
What is the greatest common factor of 282 and 1102598427?
141
Calculate the highest common divisor of 833 and 23190720.
833
Calculate the highest common factor of 2363 and 12153181.
17
Calculate the highest common divisor of 539 and 4791829.
7
Calculate the highest common divisor of 24 and 65476920.
24
Calculate the greatest common divisor of 185231 and 78947402.
9749
What is the greatest common divisor of 9999890 and 170?
10
Calculate the greatest common divisor of 128820 and 5909.
19
Calculate the highest common factor of 604107 and 2580333.
4683
What is the highest common factor of 54303308 and 42056?
3004
Calculate the highest common factor of 402638 and 79258.
46
What is the greatest common divisor of 59002872 and 264?
24
Calculate the highest common divisor of 68853650 and 13900.
6950
Calculate the highest common factor of 233832627 and 27.
9
What is the highest common factor of 58 and 62196677?
29